{"id":159,"date":"2017-08-23T11:12:47","date_gmt":"2017-08-23T11:12:47","guid":{"rendered":"http:\/\/garciavillullas.com\/?page_id=159"},"modified":"2017-10-21T16:50:41","modified_gmt":"2017-10-21T16:50:41","slug":"embarcaciones","status":"publish","type":"page","link":"https:\/\/garciavillullas.com\/?page_id=159","title":{"rendered":"Embarcaciones"},"content":{"rendered":"<p><img loading=\"lazy\" decoding=\"async\" class=\"wp-image-359 aligncenter\" src=\"https:\/\/garciavillullas.com\/wp-content\/uploads\/2017\/10\/Embarcaciones.jpg\" alt=\"Embarcaciones\" width=\"517\" height=\"314\" srcset=\"https:\/\/garciavillullas.com\/wp-content\/uploads\/2017\/10\/Embarcaciones.jpg 800w, https:\/\/garciavillullas.com\/wp-content\/uploads\/2017\/10\/Embarcaciones-300x183.jpg 300w, https:\/\/garciavillullas.com\/wp-content\/uploads\/2017\/10\/Embarcaciones-768x468.jpg 768w\" sizes=\"auto, (max-width: 517px) 100vw, 517px\" \/><\/p>\n<h1 style=\"text-align: center;\">EMBARCACIONES<\/h1>\n<p>Seguro de Embarcaciones es un producto innovador. Pensado y dise\u00f1ado para dar respuestas flexibles y personalizadas\u00a0 \u00a0a \u00a0\u00a0las\u00a0 \u00a0demandas \u00a0m\u00e1s\u00a0 \u00a0variadas\u00a0 \u00a0y \u00a0\u00a0exigentes\u00a0 \u00a0que\u00a0\u00a0 \u00a0los \u00a0propietarios\u00a0 \u00a0y \u00a0\u00a0usuarios\u00a0 de embarcaciones de recreo puedan tener en relaci\u00f3n con su propia embarcaci\u00f3n, con terceros ajenos y con las personas que van a bordo de la misma.<\/p>\n<p>El Seguro de Embarcaciones ofrece varias modalidades de contrataci\u00f3n, con una ampl\u00edsima oferta de coberturas\u00a0 \u00a0y \u00a0\u00a0prestaciones\u00a0 \u00a0para\u00a0 \u00a0todo \u00a0\u00a0tipo \u00a0\u00a0de \u00a0embarcaciones \u00a0de \u00a0recreo \u00a0(veleros, \u00a0yates \u00a0a \u00a0motor,embarcaciones neum\u00e1ticas y semirr\u00edgidas, motos acu\u00e1ticas, \u2026 ).<\/p>\n<p>Las opciones de contrataci\u00f3n, los riesgos asegurables, las sumas aseguradas, las opciones de franquicias y otras caracter\u00edsticas, dotan a este producto de una flexibilidad m\u00e1xima, para ofrecer una p\u00f3liza personalizada que se adapta a las necesidades de cobertura m\u00e1s exigentes que pueda precisar cualquier embarcaci\u00f3n de recreo.<\/p>\n<p>Los da\u00f1os parciales se liquidan a valor de reposici\u00f3n a nuevo, sea cual sea la antig\u00fcedad de la embarcaci\u00f3n.<\/p>\n<p><strong>Permite elegir entre los siguientes dos \u00e1mbitos de navegaci\u00f3n:<\/strong><\/p>\n<ul>\n<li>Aguas interiores de Espa\u00f1a y Portugal (embalses, r\u00edos, lagos, \u2026).<\/li>\n<li>Aguas interiores de la Uni\u00f3n Europea, mar Mediterr\u00e1neo y fuera de \u00e9ste, hasta 200 millas del litoral espa\u00f1ol, portugu\u00e9s y franc\u00e9s hasta la altura de Calais y las traves\u00edas entre la Pen\u00ednsula Ib\u00e9rica y las Islas Canarias.<\/li>\n<\/ul>\n<p>Cons\u00faltanos<br \/>\n\n<div class=\"wpcf7 no-js\" id=\"wpcf7-f6-o1\" lang=\"es-ES\" dir=\"ltr\" data-wpcf7-id=\"6\">\n<div class=\"screen-reader-response\"><p role=\"status\" aria-live=\"polite\" aria-atomic=\"true\"><\/p> <ul><\/ul><\/div>\n<form action=\"\/index.php?rest_route=%2Fwp%2Fv2%2Fpages%2F159#wpcf7-f6-o1\" method=\"post\" class=\"wpcf7-form init\" aria-label=\"Formulario de contacto\" novalidate=\"novalidate\" data-status=\"init\">\n<fieldset class=\"hidden-fields-container\"><input type=\"hidden\" name=\"_wpcf7\" value=\"6\" \/><input type=\"hidden\" name=\"_wpcf7_version\" value=\"6.1.6\" \/><input type=\"hidden\" name=\"_wpcf7_locale\" value=\"es_ES\" \/><input type=\"hidden\" name=\"_wpcf7_unit_tag\" value=\"wpcf7-f6-o1\" \/><input type=\"hidden\" name=\"_wpcf7_container_post\" value=\"0\" \/><input type=\"hidden\" name=\"_wpcf7_posted_data_hash\" value=\"\" \/><input type=\"hidden\" name=\"_wpcf7_recaptcha_response\" value=\"\" \/>\n<\/fieldset>\n<p><label> Nombre (requerido)<br \/>\n<span class=\"wpcf7-form-control-wrap\" data-name=\"your-name\"><input size=\"40\" maxlength=\"400\" class=\"wpcf7-form-control wpcf7-text wpcf7-validates-as-required\" aria-required=\"true\" aria-invalid=\"false\" value=\"\" type=\"text\" name=\"your-name\" \/><\/span> <\/label>\n<\/p>\n<p><label> Tu correo electr\u00f3nico (requerido)<br \/>\n<span class=\"wpcf7-form-control-wrap\" data-name=\"your-email\"><input size=\"40\" maxlength=\"400\" class=\"wpcf7-form-control wpcf7-email wpcf7-validates-as-required wpcf7-text wpcf7-validates-as-email\" aria-required=\"true\" aria-invalid=\"false\" value=\"\" type=\"email\" name=\"your-email\" \/><\/span> <\/label>\n<\/p>\n<p><label> Mensaje<br \/>\n<span class=\"wpcf7-form-control-wrap\" data-name=\"your-message\"><textarea cols=\"40\" rows=\"10\" maxlength=\"2000\" class=\"wpcf7-form-control wpcf7-textarea\" aria-invalid=\"false\" name=\"your-message\"><\/textarea><\/span> <\/label>\n<\/p>\n<p><input class=\"wpcf7-form-control wpcf7-submit has-spinner\" type=\"submit\" value=\"Enviar\" \/>\n<\/p>\n<p style=\"display: none !important;\" class=\"akismet-fields-container\" data-prefix=\"_wpcf7_ak_\"><label>&#916;<textarea name=\"_wpcf7_ak_hp_textarea\" cols=\"45\" rows=\"8\" maxlength=\"100\"><\/textarea><\/label><input type=\"hidden\" id=\"ak_js_1\" name=\"_wpcf7_ak_js\" value=\"14\"\/><script type=\"text\/javascript\">\n\/* <![CDATA[ *\/\ndocument.getElementById( \"ak_js_1\" ).setAttribute( \"value\", ( new Date() ).getTime() );\n\/* ]]> *\/\n<\/script>\n<\/p><div class=\"wpcf7-response-output\" aria-hidden=\"true\"><\/div>\n<\/form>\n<\/div>\n\n","protected":false},"excerpt":{"rendered":"<p>EMBARCACIONES Seguro de Embarcaciones es un producto innovador. Pensado y dise\u00f1ado para dar respuestas flexibles y personalizadas\u00a0 \u00a0a \u00a0\u00a0las\u00a0 \u00a0demandas \u00a0m\u00e1s\u00a0 \u00a0variadas\u00a0 \u00a0y \u00a0\u00a0exigentes\u00a0 \u00a0que\u00a0\u00a0 \u00a0los \u00a0propietarios\u00a0 \u00a0y \u00a0\u00a0usuarios\u00a0 de embarcaciones de recreo puedan tener en relaci\u00f3n con su propia embarcaci\u00f3n, con terceros ajenos y con las personas que van a bordo de la misma. [&hellip;]<\/p>\n","protected":false},"author":1,"featured_media":0,"parent":0,"menu_order":0,"comment_status":"closed","ping_status":"closed","template":"fullwidth.php","meta":{"footnotes":""},"class_list":["post-159","page","type-page","status-publish","hentry"],"_links":{"self":[{"href":"https:\/\/garciavillullas.com\/index.php?rest_route=\/wp\/v2\/pages\/159","targetHints":{"allow":["GET"]}}],"collection":[{"href":"https:\/\/garciavillullas.com\/index.php?rest_route=\/wp\/v2\/pages"}],"about":[{"href":"https:\/\/garciavillullas.com\/index.php?rest_route=\/wp\/v2\/types\/page"}],"author":[{"embeddable":true,"href":"https:\/\/garciavillullas.com\/index.php?rest_route=\/wp\/v2\/users\/1"}],"replies":[{"embeddable":true,"href":"https:\/\/garciavillullas.com\/index.php?rest_route=%2Fwp%2Fv2%2Fcomments&post=159"}],"version-history":[{"count":5,"href":"https:\/\/garciavillullas.com\/index.php?rest_route=\/wp\/v2\/pages\/159\/revisions"}],"predecessor-version":[{"id":504,"href":"https:\/\/garciavillullas.com\/index.php?rest_route=\/wp\/v2\/pages\/159\/revisions\/504"}],"wp:attachment":[{"href":"https:\/\/garciavillullas.com\/index.php?rest_route=%2Fwp%2Fv2%2Fmedia&parent=159"}],"curies":[{"name":"wp","href":"https:\/\/api.w.org\/{rel}","templated":true}]}}