{"id":165,"date":"2017-08-23T11:13:32","date_gmt":"2017-08-23T11:13:32","guid":{"rendered":"http:\/\/garciavillullas.com\/?page_id=165"},"modified":"2017-11-16T16:29:08","modified_gmt":"2017-11-16T16:29:08","slug":"planes-de-ahorrojubilacion","status":"publish","type":"page","link":"https:\/\/garciavillullas.com\/?page_id=165","title":{"rendered":"Planes de Ahorro\/Jubilaci\u00f3n"},"content":{"rendered":"<p><img loading=\"lazy\" decoding=\"async\" class=\"wp-image-553  aligncenter\" src=\"https:\/\/garciavillullas.com\/wp-content\/uploads\/2017\/11\/Plan-de-Ahorro-Jubilaci\u00f3n.jpg\" alt=\"\" width=\"506\" height=\"334\" srcset=\"https:\/\/garciavillullas.com\/wp-content\/uploads\/2017\/11\/Plan-de-Ahorro-Jubilaci\u00f3n.jpg 656w, https:\/\/garciavillullas.com\/wp-content\/uploads\/2017\/11\/Plan-de-Ahorro-Jubilaci\u00f3n-300x198.jpg 300w\" sizes=\"auto, (max-width: 506px) 100vw, 506px\" \/><\/p>\n<h1 style=\"text-align: center;\"><strong>PLAN DE AHORRO\/JUBILACI\u00d3N<\/strong><\/h1>\n<p>El h\u00e1bito de Ahorrar deber\u00eda estar arraigado en cada uno de nosotros. Realizando aportaciones sistem\u00e1ticas de acuerdo con tus posibilidades, puedes crear ahora y sin esfuerzo, un ahorro para el futuro que te aportar\u00e1 tranquilidad y seguridad ante cualquier situaci\u00f3n.<\/p>\n<p><strong>Plan de \u00a0Ahorro\/Jubilaci\u00f3n\u00a0 te ofrece&#8230;<\/strong><\/p>\n<p><u>Seguridad y Liquidez<\/u><\/p>\n<p>Nunca pierdes dinero. En caso de necesitar liquidez puedes realizar rescates parciales y totales a partir de la primera anualidad sin penalizaciones.<\/p>\n<p><u>Tu Ahorro siempre al d\u00eda<\/u><\/p>\n<ul>\n<li>Inter\u00e9s garantizado que har\u00e1 crecer tu saldo.<\/li>\n<li>Anualmente y de forma anticipada, se comunica el nuevo tipo de inter\u00e9s para la siguiente anualidad de la p\u00f3liza. Para que t\u00fa decidas.<\/li>\n<\/ul>\n<p><u>Flexibilidad<\/u><\/p>\n<p>Puedes adaptar tu plan de ahorro a la situaci\u00f3n de cada momento y realizar aportaciones extraordinarias siempre que quieras.<\/p>\n<p>A partir del primer a\u00f1o puedes suspender el pago de primas, modificar su importe o crecimiento, dentro de los l\u00edmites establecidos en las condiciones de contrataci\u00f3n del producto.<\/p>\n<p><u>Simplicidad<\/u><\/p>\n<p>En ning\u00fan momento tendr\u00e1s que realizar tr\u00e1mites complicados.<\/p>\n<p><strong>\u00abLos tiempos cambian y tenemos que adaptarnos a ellos.\u00bb<\/strong><\/p>\n<p><strong>Plan de Ahorro\/Jubilaci\u00f3n, es importante para ti<\/strong><\/p>\n<p>Con una peque\u00f1a aportaci\u00f3n, puedes constituir un patrimonio para tu futuro.<\/p>\n<ul>\n<li>La esperanza de vida es cada vez mayor.<\/li>\n<li>La pir\u00e1mide de poblaci\u00f3n se est\u00e1 invirtiendo.<\/li>\n<li>\u00bfPodremos mantener nuestro nivel de vida actual?<\/li>\n<li>La preocupaci\u00f3n por el mantenimiento de las prestaciones de la Seguridad Social:<\/li>\n<\/ul>\n<p>\u00bfCobraremos una prestaci\u00f3n suficiente por parte de la Seguridad Social para mantener nuestro nivel de vida actual?<\/p>\n<ul>\n<li>Las familias cada vez tienen un endeudamiento mayor:<\/li>\n<\/ul>\n<p>\u00bfPodremos mantener nuestro nivel de vida si todav\u00eda tenemos que pagar cuotas de pr\u00e9stamos cuando nos jubilemos?<\/p>\n<p><strong>T\u00fa eliges cu\u00e1nto y cu\u00e1ndo quieres ahorrar. Obtienes una rentabilidad garantizada, y en el futuro, recuperas tu dinero de la forma m\u00e1s ventajosa.<\/strong><\/p>\n<p>Cons\u00faltanos<br \/>\n\n<div class=\"wpcf7 no-js\" id=\"wpcf7-f6-o1\" lang=\"es-ES\" dir=\"ltr\" data-wpcf7-id=\"6\">\n<div class=\"screen-reader-response\"><p role=\"status\" aria-live=\"polite\" aria-atomic=\"true\"><\/p> <ul><\/ul><\/div>\n<form action=\"\/index.php?rest_route=%2Fwp%2Fv2%2Fpages%2F165#wpcf7-f6-o1\" method=\"post\" class=\"wpcf7-form init\" aria-label=\"Formulario de contacto\" novalidate=\"novalidate\" data-status=\"init\">\n<fieldset class=\"hidden-fields-container\"><input type=\"hidden\" name=\"_wpcf7\" value=\"6\" \/><input type=\"hidden\" name=\"_wpcf7_version\" value=\"6.1.5\" \/><input type=\"hidden\" name=\"_wpcf7_locale\" value=\"es_ES\" \/><input type=\"hidden\" name=\"_wpcf7_unit_tag\" value=\"wpcf7-f6-o1\" \/><input type=\"hidden\" name=\"_wpcf7_container_post\" value=\"0\" \/><input type=\"hidden\" name=\"_wpcf7_posted_data_hash\" value=\"\" \/><input type=\"hidden\" name=\"_wpcf7_recaptcha_response\" value=\"\" \/>\n<\/fieldset>\n<p><label> Nombre (requerido)<br \/>\n<span class=\"wpcf7-form-control-wrap\" data-name=\"your-name\"><input size=\"40\" maxlength=\"400\" class=\"wpcf7-form-control wpcf7-text wpcf7-validates-as-required\" aria-required=\"true\" aria-invalid=\"false\" value=\"\" type=\"text\" name=\"your-name\" \/><\/span> <\/label>\n<\/p>\n<p><label> Tu correo electr\u00f3nico (requerido)<br \/>\n<span class=\"wpcf7-form-control-wrap\" data-name=\"your-email\"><input size=\"40\" maxlength=\"400\" class=\"wpcf7-form-control wpcf7-email wpcf7-validates-as-required wpcf7-text wpcf7-validates-as-email\" aria-required=\"true\" aria-invalid=\"false\" value=\"\" type=\"email\" name=\"your-email\" \/><\/span> <\/label>\n<\/p>\n<p><label> Mensaje<br \/>\n<span class=\"wpcf7-form-control-wrap\" data-name=\"your-message\"><textarea cols=\"40\" rows=\"10\" maxlength=\"2000\" class=\"wpcf7-form-control wpcf7-textarea\" aria-invalid=\"false\" name=\"your-message\"><\/textarea><\/span> <\/label>\n<\/p>\n<p><input class=\"wpcf7-form-control wpcf7-submit has-spinner\" type=\"submit\" value=\"Enviar\" \/>\n<\/p>\n<p style=\"display: none !important;\" class=\"akismet-fields-container\" data-prefix=\"_wpcf7_ak_\"><label>&#916;<textarea name=\"_wpcf7_ak_hp_textarea\" cols=\"45\" rows=\"8\" maxlength=\"100\"><\/textarea><\/label><input type=\"hidden\" id=\"ak_js_1\" name=\"_wpcf7_ak_js\" value=\"241\"\/><script>document.getElementById( \"ak_js_1\" ).setAttribute( \"value\", ( new Date() ).getTime() );<\/script><\/p><div class=\"wpcf7-response-output\" aria-hidden=\"true\"><\/div>\n<\/form>\n<\/div>\n\n","protected":false},"excerpt":{"rendered":"<p>PLAN DE AHORRO\/JUBILACI\u00d3N El h\u00e1bito de Ahorrar deber\u00eda estar arraigado en cada uno de nosotros. Realizando aportaciones sistem\u00e1ticas de acuerdo con tus posibilidades, puedes crear ahora y sin esfuerzo, un ahorro para el futuro que te aportar\u00e1 tranquilidad y seguridad ante cualquier situaci\u00f3n. Plan de \u00a0Ahorro\/Jubilaci\u00f3n\u00a0 te ofrece&#8230; Seguridad y Liquidez Nunca pierdes dinero. En [&hellip;]<\/p>\n","protected":false},"author":1,"featured_media":0,"parent":0,"menu_order":0,"comment_status":"closed","ping_status":"closed","template":"fullwidth.php","meta":{"footnotes":""},"class_list":["post-165","page","type-page","status-publish","hentry"],"_links":{"self":[{"href":"https:\/\/garciavillullas.com\/index.php?rest_route=\/wp\/v2\/pages\/165","targetHints":{"allow":["GET"]}}],"collection":[{"href":"https:\/\/garciavillullas.com\/index.php?rest_route=\/wp\/v2\/pages"}],"about":[{"href":"https:\/\/garciavillullas.com\/index.php?rest_route=\/wp\/v2\/types\/page"}],"author":[{"embeddable":true,"href":"https:\/\/garciavillullas.com\/index.php?rest_route=\/wp\/v2\/users\/1"}],"replies":[{"embeddable":true,"href":"https:\/\/garciavillullas.com\/index.php?rest_route=%2Fwp%2Fv2%2Fcomments&post=165"}],"version-history":[{"count":8,"href":"https:\/\/garciavillullas.com\/index.php?rest_route=\/wp\/v2\/pages\/165\/revisions"}],"predecessor-version":[{"id":554,"href":"https:\/\/garciavillullas.com\/index.php?rest_route=\/wp\/v2\/pages\/165\/revisions\/554"}],"wp:attachment":[{"href":"https:\/\/garciavillullas.com\/index.php?rest_route=%2Fwp%2Fv2%2Fmedia&parent=165"}],"curies":[{"name":"wp","href":"https:\/\/api.w.org\/{rel}","templated":true}]}}