{"id":223,"date":"2017-08-24T15:23:18","date_gmt":"2017-08-24T15:23:18","guid":{"rendered":"http:\/\/garciavillullas.com\/?page_id=223"},"modified":"2017-10-21T16:57:15","modified_gmt":"2017-10-21T16:57:15","slug":"flotas","status":"publish","type":"page","link":"https:\/\/garciavillullas.com\/?page_id=223","title":{"rendered":"Flotas"},"content":{"rendered":"<p><img loading=\"lazy\" decoding=\"async\" class=\"wp-image-334 aligncenter\" src=\"https:\/\/garciavillullas.com\/wp-content\/uploads\/2017\/08\/Flotas.jpg\" alt=\"Flotas\" width=\"532\" height=\"247\" srcset=\"https:\/\/garciavillullas.com\/wp-content\/uploads\/2017\/08\/Flotas.jpg 1024w, https:\/\/garciavillullas.com\/wp-content\/uploads\/2017\/08\/Flotas-300x139.jpg 300w, https:\/\/garciavillullas.com\/wp-content\/uploads\/2017\/08\/Flotas-768x357.jpg 768w\" sizes=\"auto, (max-width: 532px) 100vw, 532px\" \/><\/p>\n<h1 style=\"text-align: center;\"><strong>FLOTAS<\/strong><\/h1>\n<p>Producto dise\u00f1ado especialmente para dar cobertura a <strong>flotas de veh\u00edculos<\/strong>, tanto para empresas con un \u00fanico Tomador; como para colectivos con caracter\u00edsticas comunes que permitan establecer condiciones unificadas y especiales por su condici\u00f3n.<\/p>\n<p>Se consideran\u00a0 flotas\u00a0 aquellos\u00a0 colectivos\u00a0 cerrados\u00a0 de\u00a0 veh\u00edculos en los que hay <strong>m\u00e1s de 10 unidades homog\u00e9neas <\/strong>con un mismo Tomador.<\/p>\n<p>Tambi\u00e9n\u00a0 \u00a0se\u00a0 pueden\u00a0 \u00a0contratar \u00a0\u00a0aquellos \u00a0\u00a0colectivos \u00a0abiertos\u00a0 \u00a0o \u00a0de \u00a0libre \u00a0adhesi\u00f3n \u00a0(por \u00a0ejemplo asociaciones, centrales de compra\u2026) \u00a0en \u00a0los \u00a0que \u00a0hay \u00a0una \u00a0<strong>pluralidad \u00a0de \u00a0Tomadores<\/strong>. Podr\u00e1n ser considerados \u00a0como \u00a0flota \u00a0si \u00a0se \u00a0estudian \u00a0por \u00a0el \u00a0Ramo \u00a0de \u00a0Autos \u00a0Empresas \u00a0y \u00a0podr\u00e1n \u00a0tener \u00a0unas condiciones especiales diferentes a las condiciones est\u00e1ndar de las p\u00f3lizas individuales.<\/p>\n<p>En \u00a0\u00a0todas\u00a0 \u00a0las \u00a0\u00a0flotas se mantendr\u00e1n \u00a0criterios \u00a0de \u00a0contrataci\u00f3n \u00a0en \u00a0funci\u00f3n \u00a0de \u00a0la \u00a0tipolog\u00eda \u00a0de \u00a0los <strong>veh\u00edculos \u00a0<\/strong>(que \u00a0podr\u00e1n \u00a0ser \u00a0de \u00a0Primera, Segunda \u00a0o \u00a0Tercera \u00a0Categor\u00eda) y \u00a0de \u00a0las coberturas que se soliciten:<\/p>\n<p><strong>Responsabilidad Civil<\/strong>: Responsabilidad Civil Obligatoria y Responsabilidad Civil Complementaria.<\/p>\n<p><strong>Da\u00f1os Materiales<\/strong>: Reclamaci\u00f3n de da\u00f1os, Robo, Da\u00f1os Propios, Rotura de Cristales, Incendio y Explosi\u00f3n, y Fen\u00f3menos de la Naturaleza.<\/p>\n<p><strong>Otros: <\/strong>Indemnizaci\u00f3n de da\u00f1os, Accidentes corporales del Conductor, Asistencia en viaje.<\/p>\n<p>Cons\u00faltanos<br \/>\n\n<div class=\"wpcf7 no-js\" id=\"wpcf7-f6-o1\" lang=\"es-ES\" dir=\"ltr\" data-wpcf7-id=\"6\">\n<div class=\"screen-reader-response\"><p role=\"status\" aria-live=\"polite\" aria-atomic=\"true\"><\/p> <ul><\/ul><\/div>\n<form action=\"\/index.php?rest_route=%2Fwp%2Fv2%2Fpages%2F223#wpcf7-f6-o1\" method=\"post\" class=\"wpcf7-form init\" aria-label=\"Formulario de contacto\" novalidate=\"novalidate\" data-status=\"init\">\n<fieldset class=\"hidden-fields-container\"><input type=\"hidden\" name=\"_wpcf7\" value=\"6\" \/><input type=\"hidden\" name=\"_wpcf7_version\" value=\"6.1.5\" \/><input type=\"hidden\" name=\"_wpcf7_locale\" value=\"es_ES\" \/><input type=\"hidden\" name=\"_wpcf7_unit_tag\" value=\"wpcf7-f6-o1\" \/><input type=\"hidden\" name=\"_wpcf7_container_post\" value=\"0\" \/><input type=\"hidden\" name=\"_wpcf7_posted_data_hash\" value=\"\" \/><input type=\"hidden\" name=\"_wpcf7_recaptcha_response\" value=\"\" \/>\n<\/fieldset>\n<p><label> Nombre (requerido)<br \/>\n<span class=\"wpcf7-form-control-wrap\" data-name=\"your-name\"><input size=\"40\" maxlength=\"400\" class=\"wpcf7-form-control wpcf7-text wpcf7-validates-as-required\" aria-required=\"true\" aria-invalid=\"false\" value=\"\" type=\"text\" name=\"your-name\" \/><\/span> <\/label>\n<\/p>\n<p><label> Tu correo electr\u00f3nico (requerido)<br \/>\n<span class=\"wpcf7-form-control-wrap\" data-name=\"your-email\"><input size=\"40\" maxlength=\"400\" class=\"wpcf7-form-control wpcf7-email wpcf7-validates-as-required wpcf7-text wpcf7-validates-as-email\" aria-required=\"true\" aria-invalid=\"false\" value=\"\" type=\"email\" name=\"your-email\" \/><\/span> <\/label>\n<\/p>\n<p><label> Mensaje<br \/>\n<span class=\"wpcf7-form-control-wrap\" data-name=\"your-message\"><textarea cols=\"40\" rows=\"10\" maxlength=\"2000\" class=\"wpcf7-form-control wpcf7-textarea\" aria-invalid=\"false\" name=\"your-message\"><\/textarea><\/span> <\/label>\n<\/p>\n<p><input class=\"wpcf7-form-control wpcf7-submit has-spinner\" type=\"submit\" value=\"Enviar\" \/>\n<\/p>\n<p style=\"display: none !important;\" class=\"akismet-fields-container\" data-prefix=\"_wpcf7_ak_\"><label>&#916;<textarea name=\"_wpcf7_ak_hp_textarea\" cols=\"45\" rows=\"8\" maxlength=\"100\"><\/textarea><\/label><input type=\"hidden\" id=\"ak_js_1\" name=\"_wpcf7_ak_js\" value=\"250\"\/><script type=\"text\/javascript\">\n\/* <![CDATA[ *\/\ndocument.getElementById( \"ak_js_1\" ).setAttribute( \"value\", ( new Date() ).getTime() );\n\/* ]]> *\/\n<\/script>\n<\/p><div class=\"wpcf7-response-output\" aria-hidden=\"true\"><\/div>\n<\/form>\n<\/div>\n\n","protected":false},"excerpt":{"rendered":"<p>FLOTAS Producto dise\u00f1ado especialmente para dar cobertura a flotas de veh\u00edculos, tanto para empresas con un \u00fanico Tomador; como para colectivos con caracter\u00edsticas comunes que permitan establecer condiciones unificadas y especiales por su condici\u00f3n. Se consideran\u00a0 flotas\u00a0 aquellos\u00a0 colectivos\u00a0 cerrados\u00a0 de\u00a0 veh\u00edculos en los que hay m\u00e1s de 10 unidades homog\u00e9neas con un mismo Tomador. [&hellip;]<\/p>\n","protected":false},"author":1,"featured_media":0,"parent":0,"menu_order":0,"comment_status":"closed","ping_status":"closed","template":"fullwidth.php","meta":{"footnotes":""},"class_list":["post-223","page","type-page","status-publish","hentry"],"_links":{"self":[{"href":"https:\/\/garciavillullas.com\/index.php?rest_route=\/wp\/v2\/pages\/223","targetHints":{"allow":["GET"]}}],"collection":[{"href":"https:\/\/garciavillullas.com\/index.php?rest_route=\/wp\/v2\/pages"}],"about":[{"href":"https:\/\/garciavillullas.com\/index.php?rest_route=\/wp\/v2\/types\/page"}],"author":[{"embeddable":true,"href":"https:\/\/garciavillullas.com\/index.php?rest_route=\/wp\/v2\/users\/1"}],"replies":[{"embeddable":true,"href":"https:\/\/garciavillullas.com\/index.php?rest_route=%2Fwp%2Fv2%2Fcomments&post=223"}],"version-history":[{"count":5,"href":"https:\/\/garciavillullas.com\/index.php?rest_route=\/wp\/v2\/pages\/223\/revisions"}],"predecessor-version":[{"id":512,"href":"https:\/\/garciavillullas.com\/index.php?rest_route=\/wp\/v2\/pages\/223\/revisions\/512"}],"wp:attachment":[{"href":"https:\/\/garciavillullas.com\/index.php?rest_route=%2Fwp%2Fv2%2Fmedia&parent=223"}],"curies":[{"name":"wp","href":"https:\/\/api.w.org\/{rel}","templated":true}]}}