{"id":231,"date":"2017-08-24T15:23:59","date_gmt":"2017-08-24T15:23:59","guid":{"rendered":"http:\/\/garciavillullas.com\/?page_id=231"},"modified":"2017-10-21T17:00:00","modified_gmt":"2017-10-21T17:00:00","slug":"agroseguros","status":"publish","type":"page","link":"https:\/\/garciavillullas.com\/?page_id=231","title":{"rendered":"Agroseguros"},"content":{"rendered":"<p><img loading=\"lazy\" decoding=\"async\" class=\"wp-image-385 aligncenter\" src=\"https:\/\/garciavillullas.com\/wp-content\/uploads\/2017\/08\/Agroseguros.jpg\" alt=\"Agroseguros\" width=\"461\" height=\"308\" srcset=\"https:\/\/garciavillullas.com\/wp-content\/uploads\/2017\/08\/Agroseguros.jpg 636w, https:\/\/garciavillullas.com\/wp-content\/uploads\/2017\/08\/Agroseguros-300x200.jpg 300w\" sizes=\"auto, (max-width: 461px) 100vw, 461px\" \/><\/p>\n<h1 style=\"text-align: center;\"><strong>Agroseguros<\/strong><\/h1>\n<p>&nbsp;<\/p>\n<p><strong>Un seguro para cosechar \u00e9xitos empresariales en el campo.<\/strong><\/p>\n<p>Agroseguros es un Multiseguro dise\u00f1ado para dar cobertura a una amplia tipolog\u00eda de riesgos agropecuarios: \u00a0explotaciones \u00a0agrarias, \u00a0explotaciones \u00a0de \u00a0todo tipo de ganado, granjas av\u00edcolas, y casas de labranza.<\/p>\n<p>Agroseguros garantiza la m\u00e1xima protecci\u00f3n frente a los riesgos propios de la actividad diaria en las explotaciones agropecuarias, con amplia cobertura de Da\u00f1os Materiales, Lucro Cesante, Responsabilidad \u00a0Civil \u00a0y \u00a0Ganado. Las \u00a0condiciones \u00a0del \u00a0seguro \u00a0est\u00e1n \u00a0espec\u00edficamente dirigidas al medio rural en cuanto a bienes asegurados y garant\u00edas.<\/p>\n<p><strong><em>\u00abEn el campo no te la puedes jugar; hay que tenerlo todo previsto, y a\u00fan as\u00ed, el viento sopla en cualquier direcci\u00f3n. \u00a1Aseg\u00farate!\u00bb<\/em><\/strong><\/p>\n<p>Cons\u00faltanos<br \/>\n\n<div class=\"wpcf7 no-js\" id=\"wpcf7-f6-o1\" lang=\"es-ES\" dir=\"ltr\" data-wpcf7-id=\"6\">\n<div class=\"screen-reader-response\"><p role=\"status\" aria-live=\"polite\" aria-atomic=\"true\"><\/p> <ul><\/ul><\/div>\n<form action=\"\/index.php?rest_route=%2Fwp%2Fv2%2Fpages%2F231#wpcf7-f6-o1\" method=\"post\" class=\"wpcf7-form init\" aria-label=\"Formulario de contacto\" novalidate=\"novalidate\" data-status=\"init\">\n<fieldset class=\"hidden-fields-container\"><input type=\"hidden\" name=\"_wpcf7\" value=\"6\" \/><input type=\"hidden\" name=\"_wpcf7_version\" value=\"6.1.6\" \/><input type=\"hidden\" name=\"_wpcf7_locale\" value=\"es_ES\" \/><input type=\"hidden\" name=\"_wpcf7_unit_tag\" value=\"wpcf7-f6-o1\" \/><input type=\"hidden\" name=\"_wpcf7_container_post\" value=\"0\" \/><input type=\"hidden\" name=\"_wpcf7_posted_data_hash\" value=\"\" \/><input type=\"hidden\" name=\"_wpcf7_recaptcha_response\" value=\"\" \/>\n<\/fieldset>\n<p><label> Nombre (requerido)<br \/>\n<span class=\"wpcf7-form-control-wrap\" data-name=\"your-name\"><input size=\"40\" maxlength=\"400\" class=\"wpcf7-form-control wpcf7-text wpcf7-validates-as-required\" aria-required=\"true\" aria-invalid=\"false\" value=\"\" type=\"text\" name=\"your-name\" \/><\/span> <\/label>\n<\/p>\n<p><label> Tu correo electr\u00f3nico (requerido)<br \/>\n<span class=\"wpcf7-form-control-wrap\" data-name=\"your-email\"><input size=\"40\" maxlength=\"400\" class=\"wpcf7-form-control wpcf7-email wpcf7-validates-as-required wpcf7-text wpcf7-validates-as-email\" aria-required=\"true\" aria-invalid=\"false\" value=\"\" type=\"email\" name=\"your-email\" \/><\/span> <\/label>\n<\/p>\n<p><label> Mensaje<br \/>\n<span class=\"wpcf7-form-control-wrap\" data-name=\"your-message\"><textarea cols=\"40\" rows=\"10\" maxlength=\"2000\" class=\"wpcf7-form-control wpcf7-textarea\" aria-invalid=\"false\" name=\"your-message\"><\/textarea><\/span> <\/label>\n<\/p>\n<p><input class=\"wpcf7-form-control wpcf7-submit has-spinner\" type=\"submit\" value=\"Enviar\" \/>\n<\/p>\n<p style=\"display: none !important;\" class=\"akismet-fields-container\" data-prefix=\"_wpcf7_ak_\"><label>&#916;<textarea name=\"_wpcf7_ak_hp_textarea\" cols=\"45\" rows=\"8\" maxlength=\"100\"><\/textarea><\/label><input type=\"hidden\" id=\"ak_js_1\" name=\"_wpcf7_ak_js\" value=\"100\"\/><script type=\"text\/javascript\">\n\/* <![CDATA[ *\/\ndocument.getElementById( \"ak_js_1\" ).setAttribute( \"value\", ( new Date() ).getTime() );\n\/* ]]> *\/\n<\/script>\n<\/p><div class=\"wpcf7-response-output\" aria-hidden=\"true\"><\/div>\n<\/form>\n<\/div>\n\n","protected":false},"excerpt":{"rendered":"<p>Agroseguros &nbsp; Un seguro para cosechar \u00e9xitos empresariales en el campo. Agroseguros es un Multiseguro dise\u00f1ado para dar cobertura a una amplia tipolog\u00eda de riesgos agropecuarios: \u00a0explotaciones \u00a0agrarias, \u00a0explotaciones \u00a0de \u00a0todo tipo de ganado, granjas av\u00edcolas, y casas de labranza. Agroseguros garantiza la m\u00e1xima protecci\u00f3n frente a los riesgos propios de la actividad diaria en [&hellip;]<\/p>\n","protected":false},"author":1,"featured_media":0,"parent":0,"menu_order":0,"comment_status":"closed","ping_status":"closed","template":"fullwidth.php","meta":{"footnotes":""},"class_list":["post-231","page","type-page","status-publish","hentry"],"_links":{"self":[{"href":"https:\/\/garciavillullas.com\/index.php?rest_route=\/wp\/v2\/pages\/231","targetHints":{"allow":["GET"]}}],"collection":[{"href":"https:\/\/garciavillullas.com\/index.php?rest_route=\/wp\/v2\/pages"}],"about":[{"href":"https:\/\/garciavillullas.com\/index.php?rest_route=\/wp\/v2\/types\/page"}],"author":[{"embeddable":true,"href":"https:\/\/garciavillullas.com\/index.php?rest_route=\/wp\/v2\/users\/1"}],"replies":[{"embeddable":true,"href":"https:\/\/garciavillullas.com\/index.php?rest_route=%2Fwp%2Fv2%2Fcomments&post=231"}],"version-history":[{"count":6,"href":"https:\/\/garciavillullas.com\/index.php?rest_route=\/wp\/v2\/pages\/231\/revisions"}],"predecessor-version":[{"id":516,"href":"https:\/\/garciavillullas.com\/index.php?rest_route=\/wp\/v2\/pages\/231\/revisions\/516"}],"wp:attachment":[{"href":"https:\/\/garciavillullas.com\/index.php?rest_route=%2Fwp%2Fv2%2Fmedia&parent=231"}],"curies":[{"name":"wp","href":"https:\/\/api.w.org\/{rel}","templated":true}]}}