{"id":758,"date":"2021-07-31T10:10:37","date_gmt":"2021-07-31T10:10:37","guid":{"rendered":"http:\/\/garciavillullas.com\/?page_id=758"},"modified":"2021-08-02T07:31:01","modified_gmt":"2021-08-02T07:31:01","slug":"aviso-legal-y-politica-de-privacidad","status":"publish","type":"page","link":"https:\/\/garciavillullas.com\/?page_id=758","title":{"rendered":"Aviso legal y pol\u00edtica de privacidad"},"content":{"rendered":"\n<p><strong>Aviso Legal<\/strong><\/p>\n\n\n\n<p><strong>Jos\u00e9 Luis GARC\u00cdA VILLULLAS Corredor de Seguros <\/strong>(en lo sucesivo se designar\u00e1 como el Corredor), con NIF 09.320.351-S, es el propietario de la web https:\/\/garciavillullas.com\/.<\/p>\n\n\n\n<p>Su domicilio est\u00e1 situado en la Calle Abedul n\u00ba 9 1\u00ba C, 47009 Valladolid, tel\u00e9fono de contacto 983 35 97 76, fax 983 35 97 76 y correo electr\u00f3nico&nbsp;jose@garciavillullas.com<\/p>\n\n\n\n<p><strong>Registro administrativo especial de mediadores de seguros<\/strong><\/p>\n\n\n\n<p>Jos\u00e9 Luis Garc\u00eda Villullas es un Corredor de Seguros inscrito con la clave F-2303 en el Registro administrativo especial de mediadores de seguros, de corredores de reaseguros y de sus altos cargos de la Direcci\u00f3n General de Seguros y Fondos de Pensiones, dicho Registro es p\u00fablico y puede ser consultado remitiendo escrito al Paseo de la Castellana, 44, CP 28046 de Madrid o bien consultando su p\u00e1gina web: http:\/\/www.dgsfp.mineco.es\/sector\/registrospublicos.asp\/.<\/p>\n\n\n\n<p><strong>Actividad<\/strong><\/p>\n\n\n\n<p>Jos\u00e9 Luis Garc\u00eda Villullas Corredor de Seguros desempe\u00f1a la actividad&nbsp; mercantil de mediaci\u00f3n en seguros privados en forma de corredor de seguros de conformidad con la directiva Insurance Distribution Directive (IDD) establecida por el Parlamento Europeo 2016.<\/p>\n\n\n\n<p>El corredor ofrece un asesoramiento independiente, profesional e imparcial a quienes demanden la cobertura de los riesgos a que se encuentren expuestos sus personas, patrimonios, &nbsp;intereses o responsabilidades.<\/p>\n\n\n\n<p><strong>Garant\u00edas<\/strong><\/p>\n\n\n\n<p>El Corredor tiene concertado un seguro&nbsp; de&nbsp; responsabilidad civil&nbsp; de acuerdo con el art\u00edculo 27.1.e) y garantiza su capacidad financiera de acuerdo con el art\u00edculo 27.1.f) de la Ley de Mediaci\u00f3n de Seguros.<\/p>\n\n\n\n<p><strong>An\u00e1lisis objetivo<\/strong><\/p>\n\n\n\n<p>El asesoramiento en materia de seguros privados que corresponde a la actividad de corredor de seguros &nbsp;se realiza por parte de Jos\u00e9 Luis Garc\u00eda Villullas Corredor de Seguros mediante un an\u00e1lisis objetivo sobre la base de un estudio previo de un n\u00famero suficiente de contratos de seguro de entre los existentes en el mercado asegurador para el riesgo objeto de cobertura, que permite al Corredor formular una proposici\u00f3n de aseguramiento adecuada a las necesidades del cliente y que responde a todas las cuestiones planteadas en su solicitud.&nbsp; Dicho an\u00e1lisis no se circunscribe exclusivamente al producto, siendo tambi\u00e9n extensible a la calidad del servicio y prestaciones que la entidad aseguradora, elegida o por el contrario, descartada, en el momento de la celebraci\u00f3n del contrato est\u00e9 capacitada para otorgar.<\/p>\n\n\n\n<p><strong>Quejas y reclamaciones<\/strong><\/p>\n\n\n\n<p>Para atender y resolver las quejas y reclamaciones formuladas a Jos\u00e9 Luis Garc\u00eda Villullas Corredor de Seguros , dispone de un Departamento de Atenci\u00f3n al Cliente externalizado del cual es su Titular la Sr. Pablo Wesolowski Ventosa y al que podr\u00e1 dirigirse por carta remitida a su despacho profesional, sito en Plaza de Espa\u00f1a, 10 28008-Madrid o bien al correo electr\u00f3nico atencioncliente@cgcmse.es. El Titular del departamento tiene la obligaci\u00f3n de resolver las quejas o reclamaciones en el plazo m\u00e1ximo de dos meses desde la fecha de su presentaci\u00f3n, pasado dicho plazo&nbsp; o si el cliente no estuviese conforme con la resoluci\u00f3n, podr\u00e1 dirigirse por escrito al Servicio de Reclamaciones de la DGSFP, sito en al Paseo de la Castellana, 44, CP 28046 de Madrid siendo imprescindible para ello acreditar haber formulado la queja o reclamaci\u00f3n, por escrito, ante el Servicio de Atenci\u00f3n al Cliente del Corredor.<\/p>\n\n\n\n<p><strong>Acceso a \u00e1reas privadas<\/strong><\/p>\n\n\n\n<p>Los colaboradores externos pueden obtener un usuario y contrase\u00f1a de acceso a las \u00e1reas privadas de Colaboradores y del Multitarificador. Los datos facilitados por el Corredor para el acceso a estas \u00e1reas privadas debe ser guardado por el colaborador con la m\u00e1xima diligencia, con el objeto de evitar que pudieran caer en manos de un tercero, siendo dichos datos confidenciales a todos los efectos. El usuario y contrase\u00f1a no se debe facilitar por su seguridad a terceros. El usuario de la web debe aplicar las medidas de seguridad, tanto de \u00edndole t\u00e9cnica como organizativa, que garanticen la seguridad de los datos de acceso, teniendo en cuenta que de no guardar diligentemente los datos de acceso, se podr\u00edan realizar usos fraudulentos de las mismas por parte de terceros, que conllevasen una p\u00e9rdida de confidencialidad de datos de car\u00e1cter personal.<\/p>\n\n\n\n<p>El colaborador es responsable por toda clase de da\u00f1o, p\u00e9rdida o cualquier clase de perjuicio, directo o indirecto que se pudiera ocasionar al Corredor o a terceros, derivado de un uso fraudulento de los datos de acceso facilitados, as\u00ed como de la consecuente p\u00e9rdida de confidencialidad que pudiera conllevar dicho uso fraudulento.<\/p>\n\n\n\n<p>Si el colaborador tuviese alguna sospecha de que los datos de acceso facilitadas por parte del Corredor hubieran podido caer en manos de un tercero no autorizado para su uso, lo deber\u00e1 notificar urgentemente al Corredor, a los efectos de que se proceda de inmediato a su eliminaci\u00f3n.<\/p>\n\n\n\n<p><strong>Propiedad intelectual<\/strong><\/p>\n\n\n\n<p>Todas las marcas, nombres comerciales o signos distintivos de cualquier clase que aparecen en esta web son propiedad del Corredor o, en su caso, de terceros que han autorizado su uso, sin que pueda entenderse que el uso o acceso al portal y\/o a los contenidos atribuya al usuario derecho alguno sobre las citadas marcas, nombres comerciales y\/o signos distintivos, y sin que puedan entenderse cedidos al usuario, ninguno de los derechos de explotaci\u00f3n que existen o puedan existir sobre dichos contenidos.<\/p>\n\n\n\n<p>De igual modo los contenidos son propiedad intelectual del Corredor, o de terceros en su caso, por tanto, los derechos de propiedad intelectual son titularidad del Corredor o de terceros que han autorizado su uso, a quienes corresponde el ejercicio exclusivo de los derechos de explotaci\u00f3n de los mismos en cualquier forma y, en especial, los derechos de reproducci\u00f3n, distribuci\u00f3n, comunicaci\u00f3n p\u00fablica y transformaci\u00f3n.<\/p>\n\n\n\n<p>La utilizaci\u00f3n no autorizada de la informaci\u00f3n contenida en esta web, as\u00ed como la lesi\u00f3n de los derechos de propiedad intelectual o industrial del Corredor o de terceros incluidos en la p\u00e1gina que hayan cedido contenidos dar\u00e1 lugar a las responsabilidades legalmente establecidas.<\/p>\n\n\n\n<p><strong>Hiperenlaces y contenidos de la web<\/strong><\/p>\n\n\n\n<p>Aquellas personas que se propongan establecer hiperenlaces entre su p\u00e1gina web y la del Corredor deber\u00e1n observar y cumplir las condiciones siguientes:<\/p>\n\n\n\n<ul class=\"wp-block-list\"><li>No ser\u00e1 necesaria autorizaci\u00f3n previa cuando el hiperenlace permita \u00fanicamente el acceso a la p\u00e1gina de inicio, pero no podr\u00e1 reproducirla de ninguna forma. Cualquier otra forma de hiperenlace requerir\u00e1 la autorizaci\u00f3n expresa e inequ\u00edvoca por escrito por parte del Corredor.<\/li><li>No se crear\u00e1n \u00abmarcos\u00bb (frames) con las p\u00e1ginas web ni sobre las p\u00e1ginas web del Corredor.<\/li><li>No se realizar\u00e1n manifestaciones o indicaciones falsas, inexactas, u ofensivas sobre el Corredor, sus directivos, sus empleados o colaboradores, o de las personas que se relacionen en la p\u00e1gina por cualquier motivo, o de los usuarios de la p\u00e1gina, o de los contenidos suministrados.<\/li><li>No se declarar\u00e1 ni se dar\u00e1 a entender que el Corredor ha autorizado el hiperenlace o que ha supervisado o asumido de cualquier forma los contenidos ofrecidos o puestos a disposici\u00f3n de la p\u00e1gina web en la que se establece el hiperenlace.<\/li><li>La p\u00e1gina web en la que se establezca el hiperenlace solo podr\u00e1 contener lo estrictamente necesario para identificar el destino del hiperenlace.<\/li><li>La p\u00e1gina web en la que se establezca el hiperenlace no contendr\u00e1 informaciones o contenidos il\u00edcitos, contrarios a la moral y a las buenas costumbres generalmente aceptadas y al orden p\u00fablico, as\u00ed como tampoco contendr\u00e1 contenidos contrarios a cualesquiera derechos de terceros.<\/li><\/ul>\n\n\n\n<p>En lo relativo a las p\u00e1ginas web de terceros a las que se pueda acceder a trav\u00e9s de enlaces insertados en esta web, el Corredor no asume responsabilidad alguna por la informaci\u00f3n contenida en ellas. La finalidad de dichos enlaces es meramente informativa. Si el Corredor tuviera conocimiento de que en las referidas webs existiese alguna informaci\u00f3n o comportamiento il\u00edcito o lesivo de bienes o derechos suprimir\u00e1 lo antes posible los enlaces afectados.<\/p>\n\n\n\n<p><strong>Aspectos t\u00e9cnicos<\/strong><\/p>\n\n\n\n<p>El Corredor no garantiza la inexistencia de interrupciones o errores en el acceso a la p\u00e1gina, a sus contenidos, ni que \u00e9stos se encuentren actualizados. En consecuencia, El Corredor no se responsabiliza de los da\u00f1os o perjuicios de cualquier tipo producidos en el usuario que traigan causa de fallos o desconexiones en las redes de telecomunicaciones que produzcan la suspensi\u00f3n, cancelaci\u00f3n o interrupci\u00f3n del servicio del portal. El Corredor tampoco no garantiza la ausencia de virus y otros elementos que puedan da\u00f1ar los sistemas inform\u00e1ticos de los clientes y usuarios.<\/p>\n\n\n\n<p>El Corredor excluye cualquier responsabilidad por los da\u00f1os y perjuicios de toda naturaleza que puedan deberse a la falta de disponibilidad, continuidad o calidad del funcionamiento de la p\u00e1gina y de los contenidos as\u00ed como de los derivados de la existencia de virus y otros elementos que puedan da\u00f1ar los sistemas inform\u00e1ticos de los clientes y usuarios.<\/p>\n\n\n\n<p><strong>Legislaci\u00f3n aplicable y jurisdicci\u00f3n<\/strong><\/p>\n\n\n\n<p>La presente p\u00e1gina web y todo su contenido se rige por la legislaci\u00f3n espa\u00f1ola y queda sometida a la jurisdicci\u00f3n de los Tribunales de Valladolid.<\/p>\n\n\n\n<p>Puede obtener m\u00e1s informaci\u00f3n sobre nosotros consultando la Pol\u00edtica de Privacidad y la Pol\u00edtica de Cookies.<\/p>\n\n\n\n<p><strong>Pol\u00edtica de Privacidad<\/strong><\/p>\n\n\n\n<p>De conformidad con lo establecido en la Ley Org\u00e1nica 15\/1999, de 13 de diciembre, de Protecci\u00f3n de Datos de Car\u00e1cter Personal (LOPD), y la directiva Insurance Distribution Directive (IDD) establecida por el Parlamento Europeo 2016, los usuarios de esta p\u00e1gina web quedan informados de que cuando utilicen nuestros formularios o correos electr\u00f3nicos de contacto est\u00e1n autorizando a&nbsp;<strong>Jos\u00e9 Luis Garc\u00eda Villullas Corredor de Seguros <\/strong>(en lo sucesivo se designar\u00e1 como \u201c<strong>el Corredor<\/strong>\u201d) al tratamiento de sus datos de car\u00e1cter personal y al registro de estos en un fichero automatizado sito en su domicilio social, Calle Abedul n\u00ba 9 1\u00ba C, 47009 Valladolid.<\/p>\n\n\n\n<p>La recogida&nbsp; y tratamiento de los datos personales tiene como finalidad atender las consultas previas a la contrataci\u00f3n de un seguro de los usuarios as\u00ed como, en su caso, al mantenimiento de la relaci\u00f3n entre el corredor y sus clientes y al env\u00edo de informaci\u00f3n acerca de productos y servicios ofrecidos por el Corredor.<\/p>\n\n\n\n<p>Asimismo, se informa al usuario que puede ejercitar en todo momento, en relaci\u00f3n con sus datos de car\u00e1cter personal facilitados, los derechos de acceso, rectificaci\u00f3n, cancelaci\u00f3n y oposici\u00f3n, para lo que deber\u00e1 dirigirse &nbsp;por escrito al Corredor, como responsable del&nbsp; fichero de dichos datos, al domicilio de la Calle Abedul n\u00ba 9 1\u00ba C, 47009 Valladolid, adjuntando una copia de su DNI.<\/p>\n\n\n\n<p>Puede obtener m\u00e1s informaci\u00f3n sobre nosotros en el Aviso Legal&nbsp;y la&nbsp;Pol\u00edtica de Cookies.<\/p>\n\n\n\n<p><strong>PROTECCI\u00d3N DE DATOS<\/strong><\/p>\n\n\n\n<p>De conformidad con lo establecido en el Reglamento (UE) 2016\/679, del Parlamento Europeo y del Consejo, de 27 de abril de 2016, relativo a la protecci\u00f3n de las personas f\u00edsicas en lo que respecta al tratamiento de datos personales y a la libre circulaci\u00f3n de estos datos, as\u00ed como en la Directiva IDD del Parlamento Europeo 2016, se informa al Cliente de que los datos de car\u00e1cter personal ser\u00e1n objeto de tratamiento en el sentido dispuesto en el art\u00edculo 4.2 del citado Reglamento.<\/p>\n\n\n\n<p>El responsable de dicho tratamiento es Jos\u00e9 Luis Garc\u00eda Villullas Corredor de Seguros, provisto de NIF 09.320.351-S, con domicilio social en Valladolid, CP: 47009, Calle Abedul 9 1\u00ba C. El Cliente puede contactar con el responsable a trav\u00e9s del tel\u00e9fono 983 35 97 76, o a trav\u00e9s del correo electr\u00f3nico: jose@garciavillullas.com<\/p>\n\n\n\n<p>El Corredor de seguros trata la informaci\u00f3n de los clientes para gestionar el contrato de seguro que le sea solicitado y, en particular, para el mantenimiento de la relaci\u00f3n establecida entre el Corredor y el Cliente, el asesoramiento e informaci\u00f3n en la contrataci\u00f3n y durante la vigencia de los contratos de seguro, para la asistencia en caso de siniestro, todo lo cual legitima el tratamiento de conformidad con lo dispuesto en el art\u00edculo 6.1.b) del RGPD.<\/p>\n\n\n\n<p><a><\/a> Por otra parte, el Corredor de seguros tratar\u00e1 datos personales del Cliente para el env\u00edo de comunicaciones comerciales sobre productos de seguros intermediados por el Corredor a cuyo efecto el Corredor est\u00e1 legitimado para el tratamiento de los datos con dicha finalidad sobre la base del inter\u00e9s leg\u00edtimo. No obstante, el Cliente puede en cualquier momento oponerse a este tipo de tratamiento, sin que en ning\u00fan caso esta oposici\u00f3n condicione a la ejecuci\u00f3n del contrato principal.<\/p>\n\n\n\n<p>Se informa al cliente de que los datos personales que facilite al Corredor ser\u00e1n conservados mientras subsista la finalidad para la cual fueron recabados y hasta el vencimiento de los plazos de prescripci\u00f3n de las acciones que pudieran derivarse del cumplimiento del contrato, una vez vencido por cualquier causa el contrato de seguro, siendo bloqueados cuando hayan dejado de ser pertinentes para el cumplimiento de dicha finalidad.<\/p>\n\n\n\n<p>Asimismo, cuando la supresi\u00f3n derive del ejercicio del derecho de oposici\u00f3n con arreglo al art\u00edculo 21.2 del Reglamento (UE) 2016\/679, el responsable podr\u00e1 conservar los datos identificativos del afectado necesarios con el fin de impedir tratamientos futuros para fines de mercadotecnia directa.<\/p>\n\n\n\n<p>El Cliente queda informado de que la no aportaci\u00f3n de la informaci\u00f3n requerida supone la imposibilidad de suscripci\u00f3n del contrato de intermediaci\u00f3n.<\/p>\n\n\n\n<p>De conformidad con lo establecido en el art\u00edculo 99.1 de la Ley 20\/2015, de 14 de julio, de ordenaci\u00f3n, supervisi\u00f3n y solvencia de las entidades aseguradoras y reaseguradoras, el Corredor podr\u00e1 ceder los datos de car\u00e1cter personal del Cliente a la compa\u00f1\u00eda aseguradora, a los solos efectos de garantizar el pleno desenvolvimiento del contrato de seguro y el cumplimiento de las obligaciones establecidas en dicha Ley y en sus disposiciones de desarrollo.<\/p>\n\n\n\n<p>El cliente tendr\u00e1 derecho a oponerse al tratamiento en cualquier momento, siempre y cuando el tratamiento no sea necesario para el cumplimiento del contrato. La oposici\u00f3n al tratamiento no afectar\u00e1 a la licitud del tratamiento basada en el consentimiento contractual previo al ejercicio del derecho de oposici\u00f3n.<\/p>\n\n\n\n<p>El Cliente puede ejercer su derecho de acceso, rectificaci\u00f3n, supresi\u00f3n, oposici\u00f3n, limitaci\u00f3n en el tratamiento y portabilidad de los datos a trav\u00e9s del: tel\u00e9fono 983 35 97 76 o a trav\u00e9s del correo electr\u00f3nico:&nbsp;jose@garciavillullas.com<\/p>\n\n\n\n<p>Asimismo, puede solicitar informaci\u00f3n sobre sus derechos y presentar una reclamaci\u00f3n ante la Agencia Espa\u00f1ola de Protecci\u00f3n de Datos, con domicilio en la calle Jorge Juan, n\u00ba 6, 28001 Madrid.<\/p>\n","protected":false},"excerpt":{"rendered":"<p>Aviso Legal Jos\u00e9 Luis GARC\u00cdA VILLULLAS Corredor de Seguros (en lo sucesivo se designar\u00e1 como el Corredor), con NIF 09.320.351-S, es el propietario de la web https:\/\/garciavillullas.com\/. Su domicilio est\u00e1 situado en la Calle Abedul n\u00ba 9 1\u00ba C, 47009 Valladolid, tel\u00e9fono de contacto 983 35 97 76, fax 983 35 97 76 y correo [&hellip;]<\/p>\n","protected":false},"author":1,"featured_media":0,"parent":0,"menu_order":0,"comment_status":"closed","ping_status":"closed","template":"","meta":{"footnotes":""},"class_list":["post-758","page","type-page","status-publish","hentry"],"_links":{"self":[{"href":"https:\/\/garciavillullas.com\/index.php?rest_route=\/wp\/v2\/pages\/758","targetHints":{"allow":["GET"]}}],"collection":[{"href":"https:\/\/garciavillullas.com\/index.php?rest_route=\/wp\/v2\/pages"}],"about":[{"href":"https:\/\/garciavillullas.com\/index.php?rest_route=\/wp\/v2\/types\/page"}],"author":[{"embeddable":true,"href":"https:\/\/garciavillullas.com\/index.php?rest_route=\/wp\/v2\/users\/1"}],"replies":[{"embeddable":true,"href":"https:\/\/garciavillullas.com\/index.php?rest_route=%2Fwp%2Fv2%2Fcomments&post=758"}],"version-history":[{"count":2,"href":"https:\/\/garciavillullas.com\/index.php?rest_route=\/wp\/v2\/pages\/758\/revisions"}],"predecessor-version":[{"id":781,"href":"https:\/\/garciavillullas.com\/index.php?rest_route=\/wp\/v2\/pages\/758\/revisions\/781"}],"wp:attachment":[{"href":"https:\/\/garciavillullas.com\/index.php?rest_route=%2Fwp%2Fv2%2Fmedia&parent=758"}],"curies":[{"name":"wp","href":"https:\/\/api.w.org\/{rel}","templated":true}]}}